e s(-10). Let c be l(d). Let v = 7 - c. What is the units digit of v?
2
Let s = -5 + 10. Suppose -32 = -y + s. What is the tens digit of y?
3
Suppose 0 = -n + 4 - 2. Suppose -n*t = -0*t + 5*f - 62, 2*t - 4*f - 26 = 0. What is the tens digit of t?
2
Suppose 510 = -6*a + 12*a. What is the tens digit of a?
8
Suppose 76 = -0*n - 2*n. Let p = 68 + n. Suppose p = l + l. What is the units digit of l?
5
Let i = 79 - -272. What is the hundreds digit of i?
3
Let o(x) = -2*x - 3. Let p be o(-4). Let f = p + -2. Suppose -f*u = -6*u + 63. What is the units digit of u?
1
Suppose -8 = -3*q - q. Let g be 34 + q*(-2)/2. Suppose -4*p = p + 20, -5*p = -2*d + g. What is the units digit of d?
6
Let v be -2*1*(-2)/(-4). Let s be (-5 - v) + (1 - 1). Let j(c) = -c**2 - 5*c + 3. What is the units digit of j(s)?
7
Let f(d) = d**2 + 4*d + 3. Let t be f(-6). What is the tens digit of 4/(-20) + 288/t?
1
What is the tens digit of (-13)/(-65) + 606/10*3?
8
Suppose 0 = o - 3*n + 7, -6*n = -o - n - 15. Suppose b - 2*q = -3*q - 2, -o*b = 2*q + 7. What is the units digit of b - (1 + -2) - -3?
3
Suppose 2 = -x + 5. Suppose 2*r = -x*r + 190. Suppose -2*o + 4*f = -r, o + o = f + 32. What is the tens digit of o?
1
Suppose -5*f + f - 16 = 0. Let k(q) = -q**2 - 2*q - 2. Let t be k(f). Let i = t - -15. What is the units digit of i?
5
Let j(y) = -2*y - 3. Let p be j(-3). Suppose 0 = 2*b + 3*u - 50, 0*u = -b - p*u + 28. Let l = 31 - b. What is the units digit of l?
9
Let c = -82 + 277. What is the tens digit of c?
9
Let v(o) = 2*o**2 - o - 1. What is the units digit of v(-1)?
2
Let t = 3 - 0. Let a be 2*3/t + 0. Suppose -3*p = -2*s - 1, -s + 4*p + a = 3*p. What is the units digit of s?
7
Let q(u) = -u**2 + 9*u - 6. Let s be q(8). Suppose 0*i - s*i = -18. What is the units digit of i?
9
Suppose -5*d = 2*l + 42, 2*d + 22 - 2 = -l. Let s = 33 + -7. Let c = s + l. What is the units digit of c?
0
Suppose 2*g = 4*g. Let q = 2 + g. Suppose -55 = -5*j - 3*y - 2*y, 5*j - q*y = 69. What is the units digit of j?
3
Let i = 32 - 26. What is the units digit of i?
6
Suppose 0 = t + 5, 124 - 5 = -3*d + 5*t. Let z = d - -67. What is the units digit of z?
9
Let u(t) = 14*t - 20. What is the hundreds digit of u(17)?
2
Suppose -y = -5*i + 1780, 330 = i - 2*y + 7*y. What is the tens digit of i?
5
Let o(l) be the second derivative of -l**3/6 + 9*l**2/2 + 3*l. Let s be (-66)/(-10) + (-2)/(-5). What is the units digit of o(s)?
2
Suppose -4*b - 28 = -8. What is the units digit of (b - -2) + 22 - 0?
9
Suppose -5*j + 4*w = -3*j, 4*j - 2*w = 12. What is the units digit of j?
4
What is the hundreds digit of (-2 - 2)*((-1 - -3) + -71)?
2
Suppose -3*m + 60 = -195. What is the units digit of m?
5
Suppose 3 + 12 = 5*o. Suppose 4*z - 59 = -5*r, -5*r - 24 = -o*z - 6. What is the tens digit of z?
1
Let i(s) = -s**3 + 5*s**2 + 6*s + 2. Let p be i(6). Let y(m) = 9*m + m - p*m - 3 + 2. What is the tens digit of y(2)?
1
Let h(b) = -9*b. Let i(m) = 8*m - 1. Let z(q) = 5*h(q) + 6*i(q). What is the tens digit of z(8)?
1
Let r be 42/15*(2 + -7). Let x = 24 + r. What is the units digit of x?
0
Suppose -r + 144 = 2*r. What is the units digit of r?
8
Let a(l) = 14*l + 7. What is the tens digit of a(2)?
3
Let a(z) = -z**3 + 4*z**2 + 3*z - 4. Let g be a(4). Suppose l - 3*l + g = 0. Suppose -11 - 9 = -l*w. What is the units digit of w?
5
Let q = 37 - 30. What is the units digit of q?
7
Let t be -4 - (-1)/(3 - 2). Let b(s) = s**3 + 3*s**2 + 2. What is the units digit of b(t)?
2
Let a(y) be the first derivative of y**2/2 + y + 1. Let d(f) = 9*f + 12. Let j(q) = -12*a(q) + d(q). What is the units digit of j(-2)?
6
Let w(h) be the second derivative of -3*h + 0*h**3 + 0 - h**2 + 1/12*h**4. What is the units digit of w(-2)?
2
Let p = 14 + -10. Suppose -3*b = -p*b + 16. What is the tens digit of b?
1
Suppose -2*k + 73 = -w, 4*k - w + 137 = 8*k. What is the units digit of k?
5
Suppose -168 = -5*z - 3*z. What is the units digit of z?
1
Let h(k) be the first derivative of -k**4/4 - 7*k**3/3 - 7*k**2/2 + 2*k + 3. What is the units digit of h(-6)?
8
Suppose 5 - 1 = -4*k. Let p = k - -6. What is the units digit of p?
5
Suppose -2*b - 3 + 5 = 0. What is the units digit of b?
1
Let c(w) = -59*w + 1. Let j be c(-1). Suppose j = r + 2*r. What is the units digit of r?
0
Let n(m) = m**3 + m**2 + m + 28. What is the tens digit of n(0)?
2
Let k(x) = -128*x - 3. What is the hundreds digit of k(-1)?
1
What is the units digit of (-119)/(-14) + (-1)/(-2)?
9
Suppose -12 + 4 = -s. Suppose y = p + 2, 3*p + 2 = -y - s. Let g(m) = -m. What is the units digit of g(p)?
3
Let f = 31 - 21. Suppose -l = -2*w - 11, 4*l + 4*w - 10 = f. What is the units digit of l?
7
Let o(w) = -4*w + 5. Let k be o(-4). Suppose -3*u - 4*d = -k, -3*d + 0*d - 7 = -u. What is the units digit of u?
7
Suppose -z = -4*z + 5*c + 603, -z - c + 209 = 0. What is the tens digit of z?
0
What is the units digit of (-4)/(-26) - 928/(-52)?
8
Suppose o - 2*o = 0. Suppose o*i + 9 = i. What is the units digit of i?
9
Let x be -2*1 + (1 - 1). Let w(a) = 4*a - 16. Let y be w(8). Let d = y + x. What is the tens digit of d?
1
Suppose -s + 3*s = -8. What is the units digit of 326/22 - s/22?
5
Let y = 10 - -20. What is the tens digit of y?
3
Let w = -2 + 2. Suppose w = 2*a - 2*u - 30, 0*a - 5*u = 2*a - 23. What is the units digit of a?
4
Suppose -4*s - 28 = -t - 0*t, -4*t + 52 = -s. What is the units digit of t?
2
Let q(u) = -u**3 - 22*u**2 - 6*u - 22. What is the hundreds digit of q(-22)?
1
Let w be (-1*1)/(1/(-129)). Suppose 4*l - 3*q = 163 - 32, -w = -4*l + q. Suppose -4 = -4*d + l. What is the units digit of d?
9
Let w = 65 - 40. What is the tens digit of w?
2
Suppose 3*x - w + 0 - 3 = 0, 5 = 5*x - 2*w. Let z(q) = -q**2 - q. Let c(k) = k**2 - 5*k. Let d(t) = c(t) - 4*z(t). What is the units digit of d(x)?
4
Suppose -c + w + 1 = -6, -4*c + 3*w + 23 = 0. What is the units digit of c?
2
Let h = -53 + 90. What is the tens digit of h?
3
Suppose -4*u - 44 = -3*h - 0*u, 5*u = -5*h + 50. What is the units digit of h?
2
Suppose 2*b + 5 - 13 = 0. Suppose -4*s + 0*h + 3*h = -38, -b*h + 16 = 3*s. What is the units digit of s?
8
Let a(l) = l**2 - 16*l + 20. What is the tens digit of a(17)?
3
Let j = 23 - 21. Let z = 6 - 8. Let w = j - z. What is the units digit of w?
4
Let d(l) = -l**3 - 3*l**2 - 3. What is the units digit of d(-6)?
5
Let l(r) = -r**2 - 10*r - 12. Let f be l(-9). Let v(g) = -3*g + 2. What is the units digit of v(f)?
1
Suppose -5*s = -4*h + 6 + 6, 5*s = 0. Let b(a) = -6*a. Let n be b(-3). Suppose 3*j - 5*v = 37, 3*v = h*j - n - 15. What is the units digit of j?
9
Suppose 2*t = t + 11. Let a = t - -9. Suppose 2*v = -0*v + a. What is the units digit of v?
0
Let t = 135 + -74. What is the units digit of t?
1
Suppose 8 = -4*n, 2*g - n = 7*g - 128. Suppose 2*f - f = g. What is the units digit of f?
6
Suppose -4*o - o = -75. Suppose -5*n + o = -0*n. Suppose 4*s + 28 = 2*y, -3*y - s + 31 = n. What is the units digit of y?
0
Let h = 79 - -18. What is the units digit of h?
7
Let q = -140 - -278. What is the units digit of q?
8
Let j(l) = l**3 + l**2 - 3*l - 1. Let s be j(-2). Let o be (4 - 3)*6/s. Suppose 5*g - 2*z = -z + 9, -5*g + 4*z = -o. What is the units digit of g?
2
Let c be 3*(-1 + (-10)/(-6)). Let f be -5 + 0/(-3) + c. What is the units digit of (2/f)/((-4)/30)?
5
Let l(h) = h**3 + 6*h**2 - 9*h - 3. What is the tens digit of l(-6)?
5
Let a(x) = x**2 + 3*x - 2. Let l be a(3). Suppose -22 = -3*z - p, 5*z - 18 - l = p. What is the units digit of z?
7
Let o be (-6)/(-5)*(-30)/(-9). Suppose -o*w + 3*w = -14. What is the units digit of w?
4
Suppose -i + 2 = -1. Suppose 3*a + 6 = -4*f, 0*a = -f - 3*a + i. Let b(z) = -z**2 - 5*z + 4. What is the units digit of b(f)?
0
Let u be (-43)/(-9) - 10/(-45). Let z = u + -1. What is the units digit of z?
4
Let l = -125 + 224. Suppose -4*t = -0*t - 3*g - 131, -3*t = -3*g - l. What is the tens digit of t?
3
What is the tens digit of (2*-3)/(-2) + 14?
1
Suppose -3*a = 3*l + 15, -5*a - 23 = -l + 4*l. What is the units digit of (-24 + -5)/(0 + l)?
9
Let n(g) = -g + 10. Let f be n(8). Suppose -4*a - 3*l + 68 = l, 0 = -f*a + 3*l + 9. Let k = a + -4. What is the units digit of k?
8
Let j = 691 - 468. What is the hundreds digit of j?
2
Let q be ((-10)/(-15))/((-4)/6). Let f(a)